*o**2 - 11*o + 4. Let b be 116/12 + (-1)/(-3). Let r be (b - 5) + 9 + -4. What is m(r)?
-6
Let s(x) = 38*x + 2. Let w(z) = z - 10. Let g(m) = -s(m) - w(m). Calculate g(-3).
125
Let w(d) = 41*d**2 - 7*d. Let n(b) = 20*b**2 - 3*b. Let j(t) = -7*n(t) + 3*w(t). Let c be 1/(-5) - (-4 - 56/(-20)). What is j(c)?
-17
Let j = 128 + -118. Let l be -2*25/j - -12. Suppose -311*q = -310*q + l. Let r(d) = -d**3 - 8*d**2 - 7*d - 6. What is r(q)?
-6
Let u(w) = 7*w**3 + w**2 - 2*w. Suppose 6*v = -2*i + 2, 16 = 4*v - v - 2*i. Determine u(v).
56
Let n(h) be the second derivative of 1/3*h**3 - 74*h + 0 + 4*h**2. Determine n(-6).
-4
Let v(i) = 2*i - 2. Suppose 12*l - 39 = -111. Let s(p) = -p**2 - p - 2. Let z be s(0). Let g = z - l. What is v(g)?
6
Suppose -2*v - 18 = 5*z, -2*z = -71*v + 68*v + 30. Let h(u) be the third derivative of u**5/30 - u**4/3 + 3*u**3/2 + u**2. Give h(v).
33
Let s(i) = -2*i**2 + 4*i - 2. Let h(t) = 10 + 5 + 2 + 9*t + 2. Let f(a) = 28*a + 58. Let l(d) = 5*f(d) - 16*h(d). Let u be l(-4). Give s(u).
-2
Let p(x) = x**3 - x**2 - 8*x - 5. Let d = 19394 + -19389. What is p(d)?
55
Let c(y) = y**2 + 6*y + 103. Let n(t) = -3*t**2 - 27*t - 310. Let z(q) = -10*c(q) - 3*n(q). Give z(8).
4
Let a = -3266 + 3271. Let j(k) = k**2 - 20. Determine j(a).
5
Let q(j) = -2*j**2 + 19*j - 60. Suppose -3*f + 209 = 19*f + 11. Calculate q(f).
-51
Let s(p) = -2*p + 12. Let d(j) = -j - 1. Let h(v) = 5*v - 3. Let a(f) = -4*d(f) - h(f). Let k(b) = -9*a(b) + 4*s(b). Calculate k(8).
-7
Let f(y) = -24*y - 55. Let k(h) = -38*h - 83. Let a(l) = 8*f(l) - 5*k(l). Let r = -413 - -400. Calculate a(r).
1
Let z(i) = -3*i - 2. Let h(y) = -16*y + 13. Let a(o) = h(o) - 3*z(o). Give a(10).
-51
Let r(g) = 11*g**2 - 19*g - 25. Let d(i) = -5*i**2 + 9*i + 12. Let k(c) = -9*d(c) - 4*r(c). Let m = -4084 - -4091. Calculate k(m).
6
Let f(d) be the first derivative of d**5/20 - 2*d**4/3 + 5*d**3/6 + 11*d**2/2 + 28*d - 83. Let u(j) be the first derivative of f(j). Give u(7).
-3
Let b(j) = 0 - 241*j + 82*j + 80*j - 3 + 78*j. Calculate b(6).
-9
Let p(k) = k**2 - 19*k + 61. Suppose 0 = -q + 7*f + 41, 2*f + 13 + 21 = 4*q. Determine p(q).
-17
Let w(g) = -g**3 - 17*g**2 - 71*g + 3. Suppose -17 = d + 4*x, 3*d - 380 = 2*x - 403. Give w(d).
-6
Suppose 3*t + 0*t = b + 42, 0 = 4*t - 5*b - 45. Let w(j) = -32 - j + t + 16. What is w(-3)?
2
Let l be 2 - (6 + (1 - 2)). Let q(n) be the first derivative of 1/3*n**3 - 129 - 1/2*n**2 - n. What is q(l)?
11
Let u(r) be the first derivative of -3*r**3 - 5*r**2/2 - 5*r + 893. What is u(-2)?
-31
Let h(d) be the second derivative of d**5/20 - 2*d**3/3 - 3*d**2/2 - 12*d. Suppose -2*g + 2*m = -6, 0 = -g - 4*g + 2*m. Determine h(g).
-3
Let f(w) = 19*w**2 + 63*w + 52. Let x(g) = -5*g**2 - 16*g - 13. Let p(o) = -4*f(o) - 15*x(o). Give p(-7).
22
Let l(v) = -59 + 30 - 5138*v + 5156*v + v**2 + 43. Give l(-15).
-31
Let h(q) = -7*q**3 + 32*q**2 + 3*q - 37. Let g(j) = -3*j**3 + 16*j**2 + j - 15. Let u(f) = -5*g(f) + 2*h(f). What is u(16)?
17
Let c(h) = -4*h**2 - 2*h - 2. Let g(w) = 3*w**3 - 14*w**2 - 4. Let b(f) = -f**3 + 5*f**2 + 1. Let m(j) = 11*b(j) + 4*g(j). Let d be m(2). Give c(d).
-4
Let p(j) = 10*j**2. Let i = 162 + -168. Let n be i*((-4)/(-20))/(6/10). Determine p(n).
40
Let x(j) = 76*j + 148. Let b be x(-2). Let l(h) = -12*h + 7. Let z(w) = 10*w - 5. Let c(o) = b*l(o) - 5*z(o). What is c(-7)?
11
Let k(m) be the third derivative of -77*m**4/24 + 5*m**3/3 + 11*m**2 + 42. Calculate k(1).
-67
Suppose 5*t - 4*n - 60 - 21 = 0, 3*t + n = 52. Let b(c) = -t*c - 8*c + 2*c**2 + 24*c. What is b(-1)?
3
Let t(f) = -6*f + 3. Let z(s) = 13*s - 7. Let c(m) = 5*t(m) + 2*z(m). Let r(v) = 5*v**2 - 14*v - 44. Let u be r(9). Let w = 236 - u. Determine c(w).
-3
Let o(r) = r - 3. Suppose 2*x - 2 = 4. Let f(u) = -2*u + 7. Let j(y) = x*f(y) + 5*o(y). Suppose 47 - 23 = 3*t. Calculate j(t).
-2
Let z(t) = -6 - 18*t - 10 + 15. Let v(k) = k**2 + 8*k + 13. Let o be v(-2). Determine z(o).
-19
Let c be 30/(-7)*(-798)/(-171). Let l(q) = -q**3 - 18*q**2 + 41*q + 26. Calculate l(c).
6
Let w(o) = 7*o**2 + 68. Let n(c) = 20*c**2 - c + 180. Let v(x) = 3*n(x) - 8*w(x). Give v(3).
23
Let a(t) = t**3 - 4*t**2 - 6*t + 5. Let c = 87 + -83. Let h be 12/(-9)*(c + 2). Let u(o) = -5*o - 36. Let d be u(h). What is a(d)?
-19
Let t(x) = 98*x**2 - 5*x + 0*x + 25 + 8*x**2 + x - 107*x**2. Calculate t(9).
-92
Suppose c + 5*m = -14, -2*c + 2*m + 8 = -12. Let p be 3/(c/234*-9). Let q(f) = f**2 + 12*f - 14. Determine q(p).
-1
Let g be (-5 - -1) + (374/(-85))/(4/(-5)). Let o(k) be the second derivative of 3/2*k**2 + g*k**3 - 1/2*k**4 - 22*k - 1/20*k**5 + 0. Give o(-7).
-11
Suppose 12*b - 2*n - 34 = 16*b, -4*b - 55 = 5*n. Let w(o) = o**3 - 6*o**2 - 58*o - 9. Determine w(b).
6
Let p be 193/2 - 1/(-2). Let r(j) = -3*j**2 - 26*j - 17. Let f be r(-11). Let b = f + p. Let t(q) = q**2 + q - 1. Calculate t(b).
11
Let g = -2691 - -2682. Let x(i) = -3*i - 29. Calculate x(g).
-2
Let x(b) = 5*b**2 - 3*b - 2. Let o(f) = -2*f**2 + 9*f + 125. Let s be o(-6). Calculate x(s).
6
Suppose -27*y = -12 - 69. Let f(c) be the first derivative of c**3/3 - 3*c**2 + 4*c + 22. Determine f(y).
-5
Let h be -2*2 - (-1 + 0). Let q(m) be the third derivative of -m**6/120 - m**5/60 + m**4/8 - m**3/6 + m**2 - 9013*m. Determine q(h).
8
Let t(u) = u**2 - 7*u + 5. Let c be 12/3 - (4 + -2). Let m be -8*c*(-4)/8. Suppose -4*o = -j - 28, -2*o - j = 4*j + m. Give t(o).
-1
Let h(x) be the third derivative of 5*x**4/12 - 11*x**3 + 4322*x**2. Determine h(8).
14
Let q be 2/3 + (-438)/(-18). Suppose -q = 12*r + 11. Let h(p) = p**2 + 2*p - 4. Calculate h(r).
-1
Let g(x) = 6*x**2 + 329*x - 975. Let s(y) = -y**2 - 63*y + 195. Let m(u) = 2*g(u) + 11*s(u). Give m(7).
-1
Let u(q) = q**3 + 3*q**2 - 3*q + 11. Let z be -491 - -484 - (-3 + 1 - 0). Calculate u(z).
-24
Let o(t) = 3*t**2 - 5*t + 4. Let w = -33 + 45. Suppose -3*m = -w + 3. Calculate o(m).
16
Let s(g) = 5*g. Let m(k) = 3*k. Let l(w) = 3*m(w) - 2*s(w). Suppose -4*c = 5*t - 51, t - 2*t = 2*c - 21. Suppose 12*x = c*x - 18. Determine l(x).
6
Let r(k) = -75*k + 33. Let i(g) = 38*g - 14. Let y(v) = 5*i(v) + 3*r(v). Determine y(1).
-6
Let p(n) = -32*n - 829. Let f(h) = -102. Let w(g) = 5*f(g) - p(g). What is w(-10)?
-1
Suppose 50 = 2*f + 8*f. Suppose -32 = -4*k + f*u, -3*k + 2*u = -0*k - 17. Let h(m) = -3*m**2 - m**2 + k*m**3 + 2*m + 2*m**2 - 25 + 24. What is h(1)?
2
Let i(r) be the first derivative of 155 + 5*r - 1/2*r**2. Determine i(-9).
14
Let s(m) = 2*m**3 - 19*m**2 - 15*m - 43. Let u(b) = -10*b**2 + 25*b**2 - 5*b**2 + b - b**3 + 21 + 7*b. Let t(g) = 2*s(g) + 5*u(g). Calculate t(13).
-20
Let o(a) = -81*a**2 + 4*a + 80*a**2 - 26 - 5*a + 4*a + 3*a. Calculate o(7).
-33
Let r(m) = m**2 + 17*m - 9. Let c(w) = -2*w**2 - 32*w + 16. Let i(q) = 6*c(q) + 11*r(q). Let s be -8 + -3 + 3 - -4. Give i(s).
1
Suppose 0 = -3*c - 3*c - 6. Let k(p) = 19*p**3 + 13*p**2 - 8*p - 5. Let l(v) = -3*v**3 - v**2 + v + 1. Let z(j) = c*k(j) - 6*l(j). Calculate z(-7).
-15
Let v(b) = -b**2 + 4*b - 11. Suppose -2*g + 12 = 5*q, 0 = -g + 2*q - 105 + 111. What is v(g)?
-23
Let z be 152/114 + 1/(-3). Suppose 2*x + i + 0*i - 10 = 0, 5*x - 3 = 3*i. Let u(c) = c**2 - 4 + 4 - x*c + 2*c. What is u(z)?
0
Let o(x) be the second derivative of x**4/3 - x**3/3 - x**2 - 13826*x. Let l(m) = m**3 + m**2 - 2. Let g be l(0). Calculate o(g).
18
Let k = -370622 - -370619. Let c(p) be the third derivative of p**6/120 + p**5/60 + 2*p**3/3 + p**2. What is c(k)?
-14
Let v be -2 + -1 + 6 + 4. Suppose 2*n + v = n. Let d(k) be the third derivative of k**5/60 + k**4/3 + k**3/3 + k**2 - 4*k. What is d(n)?
-5
Let w(y) = 6*y**2 + 59*y - 42. Let u(c) = 5*c**2 + 58*c - 40. Let z(n) = -4*u(n) + 3*w(n). Calculate z(-28).
6
Let p(m) be the first derivative of -9*m**2/2 + 5*m + 3246. What is p(-2)?
23
Let c = 267 - 135. Let d(j) = 71*j**3 - 1 + 59*j**3 - c*j**3 - j - j**2. Let w = -16 - -15. What is d(w)?
1
Let v(z) be the first derivative of 2*z**3 + 93*z**2/2 + 43*z - 133. What is v(-15)?
-2
Let h(j) = -81*j**2 - j + 2. Let d = -3131 - -3132. Give h(d).
-80
Let m(a) = -1608 - 6*a + 3198 - 1602 - 7*a**2 + 6*a**2. What is m(-4)?
-4
Let z(f) = -12*f - 5. Let y(v) = 2*v**3 + 6*v**2 + 19*v + 54. Let j be y(-3). Determine z(j).
31
Let a(x) = x**3 - 4*x**2 + x - 1. Let j = -395 + 398. Determine 